{"id":879,"date":"2023-03-19T16:44:02","date_gmt":"2023-03-19T15:44:02","guid":{"rendered":"https:\/\/1932works.be\/?page_id=879"},"modified":"2023-03-19T18:42:53","modified_gmt":"2023-03-19T17:42:53","slug":"cuisines-dovy","status":"publish","type":"page","link":"https:\/\/1932works.be\/nl\/cuisines-dovy\/","title":{"rendered":"Cuisines Dovy"},"content":{"rendered":"<p><\/p>\n\n\n\n<p class=\"has-electric-grass-gradient-background has-text-color has-background\" style=\"color:#37936e\"><strong>F\u00e9vrier 2023: projet annul\u00e9 ?<\/strong><\/p>\n\n\n\n<p>Le projet Dovy keukens n\u2019aura pas lieu. Les \u00e9go\u00fbts passant sous le terrain, il n\u2019est pas possible de r\u00e9aliser des garages sous-terrains.<\/p>\n\n\n\n<p>Le coin du Boulevard de la Woluwe et de la Chauss\u00e9e de Louvain est pr\u00e9serv\u00e9.<\/p>\n\n\n\n<p>Sauf que\u2026 le propri\u00e9taire du terrain est peut-\u00eatre infect\u00e9 par le virus de la promotion immobil\u00e8re\u2026<\/p>\n\n\n<style>.kb-google-maps-container_6cdf21-11{max-width:691px;height:330px;}<\/style>\n<div class=\"kb-google-maps-container kb-google-maps-container_6cdf21-11\" data-mapid=\"_6cdf21-11\"><iframe width=\"100%\" height=\"100%\" style=\"border:0\" loading=\"lazy\" src=\"https:\/\/www.google.com\/maps\/embed\/v1\/place?key=AIzaSyBAM2o7PiQqwk15LC1XRH2e_KJ-jUa7KYk&amp;zoom=16&amp;maptype=roadmap&amp;q=Kleine%20Kerkstraat%201%2C%201932%20Zaventem\"><\/iframe><\/div>\n<script>function kb_google_map_6cdf2111() { let center = { lat: 37.8201, lng: -122.4781}; let map = new google.maps.Map(document.getElementById(\"kb-google-map_6cdf2111\"), {\n\t\t\t\t\t    zoom: 16,\n\t\t\t\t\t    center: center,});let marker = new google.maps.Marker({   position: { lat: 37.8201, lng: -122.4781},    map: map,  });}<\/script>\n\n\n<p><\/p>\n\n\n\n<p><\/p>\n\n\n\n<p class=\"has-electric-grass-gradient-background has-text-color has-background\" style=\"color:#37936e\"><strong>Janvier 2023: Nouvelle demande de permis de b\u00e2tir&#8230;<\/strong><\/p>\n\n\n\n<p>Le projet initial a \u00e9t\u00e9 refus\u00e9 suite \u00e0 de nombreuses r\u00e9clamations d\u2019habitants. En cause: parkings entre les jardins et le Boulevard de la Woluwe.<\/p>\n\n\n\n<p>Dovy Keukens laat het er niet bij zitten en plant een ondergrondse parkeergarage met een groen dak en nooduitgangstrappen.<\/p>\n\n\n\n<p class=\"has-electric-grass-gradient-background has-text-color has-background\" style=\"color:#37936e\"><strong>Octobre 2022:<\/strong><\/p>\n\n\n\n<p>De nombreux habitants ont r\u00e9agi \u00e0 l\u2019enqu\u00eate publique qui s\u2019est cl\u00f4tur\u00e9e le 14\/10\/22. Nous attendons avec impatience si la commune va accepter ou refuser le projet. Le r\u00e9ponse se fera attendre pour novembre-d\u00e9cembre.<\/p>\n\n\n\n<p>Het project is gelegen op de hoek van de Woluwedal en de Leuvensesteenweg.<\/p>\n\n\n<style>.kb-image_3bc25a-6e.kb-image-is-ratio-size, .kb-image_3bc25a-6e .kb-image-is-ratio-size{max-width:547px;width:100%;}.wp-block-kadence-column > .kt-inside-inner-col > .kb-image_3bc25a-6e.kb-image-is-ratio-size, .wp-block-kadence-column > .kt-inside-inner-col > .kb-image_3bc25a-6e .kb-image-is-ratio-size{align-self:unset;}.kb-image_3bc25a-6e{max-width:547px;}.image-is-svg.kb-image_3bc25a-6e{-webkit-flex:0 1 100%;flex:0 1 100%;}.image-is-svg.kb-image_3bc25a-6e img{width:100%;}.kb-image_3bc25a-6e .kb-image-has-overlay:after{opacity:0.3;}<\/style>\n<figure class=\"wp-block-kadence-image kb-image_3bc25a-6e size-twentyseventeen-featured-image\"><img loading=\"lazy\" decoding=\"async\" width=\"869\" height=\"1200\" src=\"https:\/\/1932works.be\/wp-content\/uploads\/2022\/06\/Plan-Dovy-Keukens-869x1200.jpg\" alt=\"\" class=\"kb-img wp-image-812\" srcset=\"https:\/\/1932works.be\/wp-content\/uploads\/2022\/06\/Plan-Dovy-Keukens-869x1200.jpg 869w, https:\/\/1932works.be\/wp-content\/uploads\/2022\/06\/Plan-Dovy-Keukens-9x12.jpg 9w\" sizes=\"auto, (max-width: 767px) 89vw, (max-width: 1000px) 54vw, (max-width: 1071px) 543px, 580px\" \/><\/figure>\n\n\n\n<p>Ce projet s\u2019annonce \u00eatre inappropri\u00e9 pour les raisons suivantes:<\/p>\n\n\n\n<ul class=\"wp-block-list\">\n<li>ontsiert het Woluwedal door te bouwen bijna tegen de R22 met het oog op commerci\u00eble zichtbaarheid<\/li>\n\n\n\n<li>Le promoteur est un conseiller communal, il y a un peu conflit d&rsquo;int\u00e9r\u00eat !<\/li>\n\n\n\n<li>le terrain est pr\u00e9vu pour du r\u00e9sidentiel et petits commerces. Les showrooms ont leur place ailleurs sur la chauss\u00e9e de Louvain, dans les b\u00e2timents vides \u00e0 louer. Mobalpa, Eggo et Ixina sont tr\u00e8s proches et n\u2019ont pas du faire construire.<\/li>\n\n\n\n<li>Parkeerplaatsen zijn tegen de tuinen van de bewoners. Een primeur!<\/li>\n\n\n\n<li>L\u2019acc\u00e8s se fera par la Kleine Kerkstraat. Impact mobilit\u00e9 dans notre commune !<\/li>\n\n\n\n<li>Het voetgangersstraatje dat nu al bekend staat als verkooppunt van cannabis zal worden uitgebreid tot 12m goed beschaduwd tussen de showroom op 3 niveaus en de Van Ermen garage!<\/li>\n\n\n\n<li>De showroom zal open zijn op zaterdag EN zondag<\/li>\n<\/ul>\n<!-- AddThis Advanced Settings generic via filter on the_content -->","protected":false},"excerpt":{"rendered":"<p>F\u00e9vrier 2023: projet annul\u00e9 ? Le projet Dovy keukens n\u2019aura pas lieu. Les \u00e9go\u00fbts passant sous le terrain, il n\u2019est pas possible de r\u00e9aliser des garages sous-terrains. Le coin du Boulevard de la Woluwe et de la Chauss\u00e9e de Louvain est pr\u00e9serv\u00e9. Sauf que\u2026 le propri\u00e9taire du terrain est peut-\u00eatre infect\u00e9 par le virus de &hellip; <\/p>\n<p class=\"link-more\"><a href=\"https:\/\/1932works.be\/nl\/cuisines-dovy\/\" class=\"more-link\">Lees verder <span class=\"screen-reader-text\">\u00ab\u00a0Cuisines Dovy\u00a0\u00bb<\/span><\/a><\/p>\n<p><!-- AddThis Advanced Settings generic via filter on get_the_excerpt --><\/p>","protected":false},"author":1,"featured_media":0,"parent":0,"menu_order":0,"comment_status":"closed","ping_status":"closed","template":"","meta":{"footnotes":""},"class_list":["post-879","page","type-page","status-publish","hentry"],"aioseo_notices":[],"_links":{"self":[{"href":"https:\/\/1932works.be\/nl\/wp-json\/wp\/v2\/pages\/879","targetHints":{"allow":["GET"]}}],"collection":[{"href":"https:\/\/1932works.be\/nl\/wp-json\/wp\/v2\/pages"}],"about":[{"href":"https:\/\/1932works.be\/nl\/wp-json\/wp\/v2\/types\/page"}],"author":[{"embeddable":true,"href":"https:\/\/1932works.be\/nl\/wp-json\/wp\/v2\/users\/1"}],"replies":[{"embeddable":true,"href":"https:\/\/1932works.be\/nl\/wp-json\/wp\/v2\/comments?post=879"}],"version-history":[{"count":4,"href":"https:\/\/1932works.be\/nl\/wp-json\/wp\/v2\/pages\/879\/revisions"}],"predecessor-version":[{"id":887,"href":"https:\/\/1932works.be\/nl\/wp-json\/wp\/v2\/pages\/879\/revisions\/887"}],"wp:attachment":[{"href":"https:\/\/1932works.be\/nl\/wp-json\/wp\/v2\/media?parent=879"}],"curies":[{"name":"wp","href":"https:\/\/api.w.org\/{rel}","templated":true}]}}

<p></p>



<p class="has-electric-grass-gradient-background has-text-color has-background" style="color:#37936e"><strong>Février 2023: projet annulé ?</strong></p>



<p>Le projet Dovy keukens n’aura pas lieu. Les égoûts passant sous le terrain, il n’est pas possible de réaliser des garages sous-terrains.</p>



<p>Le coin du Boulevard de la Woluwe et de la Chaussée de Louvain est préservé.</p>



<p>Sauf que… le propriétaire du terrain est peut-être infecté par le virus de la promotion immobilère…</p>


<style>.kb-google-maps-container_6cdf21-11{max-width:691px;height:330px;}</style>
<div class="kb-google-maps-container kb-google-maps-container_6cdf21-11" data-mapid="_6cdf21-11"><iframe width="100%" height="100%" style="border:0" loading="lazy" src="https://www.google.com/maps/embed/v1/place?key=AIzaSyBAM2o7PiQqwk15LC1XRH2e_KJ-jUa7KYk&amp;zoom=16&amp;maptype=roadmap&amp;q=Kleine%20Kerkstraat%201%2C%201932%20Zaventem"></iframe></div>
<script>function kb_google_map_6cdf2111() { let center = { lat: 37.8201, lng: -122.4781}; let map = new google.maps.Map(document.getElementById("kb-google-map_6cdf2111"), {
					    zoom: 16,
					    center: center,});let marker = new google.maps.Marker({   position: { lat: 37.8201, lng: -122.4781},    map: map,  });}</script>


<p></p>



<p></p>



<p class="has-electric-grass-gradient-background has-text-color has-background" style="color:#37936e"><strong>Janvier 2023: Nouvelle demande de permis de bâtir&#8230;</strong></p>



<p>Le projet initial a été refusé suite à de nombreuses réclamations d’habitants. En cause: parkings entre les jardins et le Boulevard de la Woluwe.</p>



<p>Dovy Keukens laat het er niet bij zitten en plant een ondergrondse parkeergarage met een groen dak en nooduitgangstrappen.</p>



<p class="has-electric-grass-gradient-background has-text-color has-background" style="color:#37936e"><strong>Octobre 2022:</strong></p>



<p>De nombreux habitants ont réagi à l’enquête publique qui s’est clôturée le 14/10/22. Nous attendons avec impatience si la commune va accepter ou refuser le projet. Le réponse se fera attendre pour novembre-décembre.</p>



<p>Het project is gelegen op de hoek van de Woluwedal en de Leuvensesteenweg.</p>


<style>.kb-image_3bc25a-6e.kb-image-is-ratio-size, .kb-image_3bc25a-6e .kb-image-is-ratio-size{max-width:547px;width:100%;}.wp-block-kadence-column > .kt-inside-inner-col > .kb-image_3bc25a-6e.kb-image-is-ratio-size, .wp-block-kadence-column > .kt-inside-inner-col > .kb-image_3bc25a-6e .kb-image-is-ratio-size{align-self:unset;}.kb-image_3bc25a-6e{max-width:547px;}.image-is-svg.kb-image_3bc25a-6e{-webkit-flex:0 1 100%;flex:0 1 100%;}.image-is-svg.kb-image_3bc25a-6e img{width:100%;}.kb-image_3bc25a-6e .kb-image-has-overlay:after{opacity:0.3;}</style>
<figure class="wp-block-kadence-image kb-image_3bc25a-6e size-twentyseventeen-featured-image"><img loading="lazy" decoding="async" width="869" height="1200" src="https://1932works.be/wp-content/uploads/2022/06/Plan-Dovy-Keukens-869x1200.jpg" alt="" class="kb-img wp-image-812" srcset="https://1932works.be/wp-content/uploads/2022/06/Plan-Dovy-Keukens-869x1200.jpg 869w, https://1932works.be/wp-content/uploads/2022/06/Plan-Dovy-Keukens-9x12.jpg 9w" sizes="auto, (max-width: 767px) 89vw, (max-width: 1000px) 54vw, (max-width: 1071px) 543px, 580px" /></figure>



<p>Ce projet s’annonce être inapproprié pour les raisons suivantes:</p>



<ul class="wp-block-list">
<li>ontsiert het Woluwedal door te bouwen bijna tegen de R22 met het oog op commerciële zichtbaarheid</li>



<li>Le promoteur est un conseiller communal, il y a un peu conflit d&rsquo;intérêt !</li>



<li>le terrain est prévu pour du résidentiel et petits commerces. Les showrooms ont leur place ailleurs sur la chaussée de Louvain, dans les bâtiments vides à louer. Mobalpa, Eggo et Ixina sont très proches et n’ont pas du faire construire.</li>



<li>Parkeerplaatsen zijn tegen de tuinen van de bewoners. Een primeur!</li>



<li>L’accès se fera par la Kleine Kerkstraat. Impact mobilité dans notre commune !</li>



<li>Het voetgangersstraatje dat nu al bekend staat als verkooppunt van cannabis zal worden uitgebreid tot 12m goed beschaduwd tussen de showroom op 3 niveaus en de Van Ermen garage!</li>



<li>De showroom zal open zijn op zaterdag EN zondag</li>
</ul>
<!-- AddThis Advanced Settings generic via filter on the_content -->

<p>Février 2023: projet annulé ? Le projet Dovy keukens n’aura pas lieu. Les égoûts passant sous le terrain, il n’est pas possible de réaliser des garages sous-terrains. Le coin du Boulevard de la Woluwe et de la Chaussée de Louvain est préservé. Sauf que… le propriétaire du terrain est peut-être infecté par le virus de &hellip; </p>
<p class="link-more"><a href="https://1932works.be/nl/cuisines-dovy/" class="more-link">Lees verder <span class="screen-reader-text">« Cuisines Dovy »</span></a></p>
<p><!-- AddThis Advanced Settings generic via filter on get_the_excerpt --></p>
