{"id":13,"date":"2018-06-09T15:42:13","date_gmt":"2018-06-09T13:42:13","guid":{"rendered":"http:\/\/1932works.be\/?page_id=13"},"modified":"2018-09-05T00:05:34","modified_gmt":"2018-09-04T22:05:34","slug":"chantier-blvd-de-la-woluwe","status":"publish","type":"page","link":"https:\/\/1932works.be\/nl\/chantier-blvd-de-la-woluwe\/","title":{"rendered":"Chantier Blvd de la Woluwe"},"content":{"rendered":"<p><span style=\"font-family: Times New Roman, serif;\"><span style=\"font-size: medium;\"><span style=\"font-family: Arial, serif;\"><span lang=\"fr-BE\">Reprise du chantier pr\u00e9vue d\u00e9but 2019, pour la 2<\/span><\/span><sup><span style=\"font-family: Arial, serif;\"><span lang=\"fr-BE\">\u00e8me<\/span><\/span><\/sup><span style=\"font-family: Arial, serif;\"><span lang=\"fr-BE\"> phase du projet qui aurait d\u00fb \u00eatre compl\u00e8tement termin\u00e9 d\u00e9but 2017. <\/span><\/span><\/span><\/span><\/p>\n<p><span style=\"font-family: Times New Roman, serif;\"><span style=\"font-size: medium;\"><span style=\"font-family: Arial, serif;\"><span lang=\"fr-BE\">15 mois annonc\u00e9s, 30 mois \u00e0 pr\u00e9voir\u00a0?<\/span><\/span><\/span><\/span><\/p>\n<p><span style=\"font-family: Times New Roman, serif;\"><span style=\"font-size: medium;\"><span style=\"font-family: Arial, serif;\"><span lang=\"fr-BE\"><u><b>PROJET ABERRANT DE TUNNEL POUR VELOS<\/b><\/u><\/span><\/span><span style=\"font-family: Arial, serif;\"><span lang=\"fr-BE\">\u00a0:<\/span><\/span><\/span><\/span><\/p>\n<p><img loading=\"lazy\" decoding=\"async\" class=\"alignnone wp-image-65 size-full\" src=\"http:\/\/1932works.be\/wp-content\/uploads\/2018\/06\/tunnel-velos.jpg\" alt=\"\" width=\"731\" height=\"975\" srcset=\"https:\/\/1932works.be\/wp-content\/uploads\/2018\/06\/tunnel-velos.jpg 731w, https:\/\/1932works.be\/wp-content\/uploads\/2018\/06\/tunnel-velos-225x300.jpg 225w\" sizes=\"auto, (max-width: 731px) 100vw, 731px\" \/><\/p>\n<p><span lang=\"fr-BE\">Le projet des Werken aan de ring avec Wegen en Verkeer pr\u00e9voit de RECASSER le c\u00f4t\u00e9 \u00e0 peine termin\u00e9 ce 15 avril 2018, apr\u00e8s 2,5 ans de travaux et de nuisances pour notre quartier, en plus de la phase 2.<\/span><\/p>\n<p><span lang=\"fr-BE\">Pour un tunnel pour \u00ab\u00a0autoroute \u00e0 v\u00e9los\u00a0\u00bb inutile et b\u00eatement co\u00fbteux\u00a0:<\/span><\/p>\n<p><span lang=\"fr-BE\">&#8211; question <\/span><span lang=\"fr-BE\">s\u00e9curit\u00e9<\/span><span lang=\"fr-BE\">\u00a0dans l&rsquo;obscurit\u00e9<\/span><\/p>\n<p><span lang=\"fr-BE\">&#8211; question <\/span><span lang=\"fr-BE\">chantier suppl\u00e9mentaire<\/span><span lang=\"fr-BE\"> ridicule de d\u00e9sorganisation et d\u2019absence de vision de Wegen en Verkeer <\/span><\/p>\n<p><span lang=\"fr-BE\">&#8211; question <\/span><span lang=\"fr-BE\">inutilit\u00e9<\/span><span lang=\"fr-BE\">\u00a0: <\/span><\/p>\n<p><span lang=\"fr-BE\">\u2666 les cyclistes pr\u00e9f\u00e8rent d\u00e9j\u00e0 actuellement le chemin via la St-Stefaanstraat et la Kleinenbergstraat au lieu du Bd de la Woluwe pour rejoindre l\u2019Ecole Europ\u00e9enne et le shopping de Woluwe, ou la Kleine Bosstraat et le Tiendeschuurveld au lieu d&rsquo;une piste cyclable qui longera l\u2019E40 pour rejoindre Evere et Woluwe St-Lambert<\/span><\/p>\n<p><span lang=\"fr-BE\">\u2666 L\u2019\u00a0\u00ab\u00a0autoroute\u00a0\u00bb cyclable sera quand m\u00eame interrompue quelques m\u00e8tres plus loin \u00e0 la fronti\u00e8re avec Woluwe St-Lambert<\/span><\/p>\n<p><span lang=\"fr-BE\">\u2666 Pour rejoindre la nouvelle piste cyclable E40 vers Bruxelles il faudra encore traverser \u00e0 v\u00e9lo le Bd de la Woluwe et la rue Statieplaats. Il manque donc 2 tunnels \u00e0 v\u00e9lo pour \u00eatre complet.<\/span><\/p>\n<p><span lang=\"fr-BE\">&#8211; question <\/span><span lang=\"fr-BE\">praticabilit\u00e9<\/span><span lang=\"fr-BE\">\u00a0:<\/span><\/p>\n<p><span lang=\"fr-BE\">\u2666 Le tunnel \u00e0 v\u00e9los subira des infiltrations d&rsquo;eau de la Woluwe toute proche. De plus le sous-sol y est instable.<\/span><\/p>\n<p><span lang=\"fr-BE\">\u2666 La commune est bloqu\u00e9e : les \u00e9chevins NVA sont soumis \u00e0 Ben Weyts, ministre NVA de la mobilit\u00e9, chef du projet Werken aan de ring et patron de l\u2019Agentschap Wegen &amp; Verkeer. Ces \u00e9chevins NVA n&rsquo;habitent pas \u00e0 WSE. <\/span><\/p>\n<p><span lang=\"fr-BE\">Continuons d\u2019envoyer nos messages \u00e0 mijnidee@werkenaandering.be , <\/span><span lang=\"fr-BE\">burgemeester@zaventem.be, ruimtelijke.ordening@zaventem.be et verkeer@zaventem.be <\/span><b><\/b><\/p>\n<p><img loading=\"lazy\" decoding=\"async\" class=\"alignnone size-full wp-image-6\" src=\"http:\/\/1932works.be\/wp-content\/uploads\/2018\/06\/werken_woluwedal10.jpg\" alt=\"\" width=\"1170\" height=\"658\" srcset=\"https:\/\/1932works.be\/wp-content\/uploads\/2018\/06\/werken_woluwedal10.jpg 1170w, https:\/\/1932works.be\/wp-content\/uploads\/2018\/06\/werken_woluwedal10-300x169.jpg 300w, https:\/\/1932works.be\/wp-content\/uploads\/2018\/06\/werken_woluwedal10-768x432.jpg 768w, https:\/\/1932works.be\/wp-content\/uploads\/2018\/06\/werken_woluwedal10-1024x576.jpg 1024w\" sizes=\"auto, (max-width: 767px) 89vw, (max-width: 1000px) 54vw, (max-width: 1071px) 543px, 580px\" \/><\/p>\n<!-- AddThis Advanced Settings generic via filter on the_content -->","protected":false},"excerpt":{"rendered":"<p>Reprise du chantier pr\u00e9vue d\u00e9but 2019, pour la 2\u00e8me phase du projet qui aurait d\u00fb \u00eatre compl\u00e8tement termin\u00e9 d\u00e9but 2017. 15 mois annonc\u00e9s, 30 mois \u00e0 pr\u00e9voir\u00a0? PROJET ABERRANT DE TUNNEL POUR VELOS\u00a0: Le projet des Werken aan de ring avec Wegen en Verkeer pr\u00e9voit de RECASSER le c\u00f4t\u00e9 \u00e0 peine termin\u00e9 ce 15 avril &hellip; <\/p>\n<p class=\"link-more\"><a href=\"https:\/\/1932works.be\/nl\/chantier-blvd-de-la-woluwe\/\" class=\"more-link\">Lees verder <span class=\"screen-reader-text\">\u00ab\u00a0Chantier Blvd de la Woluwe\u00a0\u00bb<\/span><\/a><\/p>\n<p><!-- AddThis Advanced Settings generic via filter on get_the_excerpt --><\/p>","protected":false},"author":1,"featured_media":0,"parent":0,"menu_order":0,"comment_status":"closed","ping_status":"closed","template":"","meta":{"footnotes":""},"class_list":["post-13","page","type-page","status-publish","hentry"],"aioseo_notices":[],"_links":{"self":[{"href":"https:\/\/1932works.be\/nl\/wp-json\/wp\/v2\/pages\/13","targetHints":{"allow":["GET"]}}],"collection":[{"href":"https:\/\/1932works.be\/nl\/wp-json\/wp\/v2\/pages"}],"about":[{"href":"https:\/\/1932works.be\/nl\/wp-json\/wp\/v2\/types\/page"}],"author":[{"embeddable":true,"href":"https:\/\/1932works.be\/nl\/wp-json\/wp\/v2\/users\/1"}],"replies":[{"embeddable":true,"href":"https:\/\/1932works.be\/nl\/wp-json\/wp\/v2\/comments?post=13"}],"version-history":[{"count":6,"href":"https:\/\/1932works.be\/nl\/wp-json\/wp\/v2\/pages\/13\/revisions"}],"predecessor-version":[{"id":124,"href":"https:\/\/1932works.be\/nl\/wp-json\/wp\/v2\/pages\/13\/revisions\/124"}],"wp:attachment":[{"href":"https:\/\/1932works.be\/nl\/wp-json\/wp\/v2\/media?parent=13"}],"curies":[{"name":"wp","href":"https:\/\/api.w.org\/{rel}","templated":true}]}}

<p><span style="font-family: Times New Roman, serif;"><span style="font-size: medium;"><span style="font-family: Arial, serif;"><span lang="fr-BE">Reprise du chantier prévue début 2019, pour la 2</span></span><sup><span style="font-family: Arial, serif;"><span lang="fr-BE">ème</span></span></sup><span style="font-family: Arial, serif;"><span lang="fr-BE"> phase du projet qui aurait dû être complètement terminé début 2017. </span></span></span></span></p>
<p><span style="font-family: Times New Roman, serif;"><span style="font-size: medium;"><span style="font-family: Arial, serif;"><span lang="fr-BE">15 mois annoncés, 30 mois à prévoir ?</span></span></span></span></p>
<p><span style="font-family: Times New Roman, serif;"><span style="font-size: medium;"><span style="font-family: Arial, serif;"><span lang="fr-BE"><u><b>PROJET ABERRANT DE TUNNEL POUR VELOS</b></u></span></span><span style="font-family: Arial, serif;"><span lang="fr-BE"> :</span></span></span></span></p>
<p><img loading="lazy" decoding="async" class="alignnone wp-image-65 size-full" src="http://1932works.be/wp-content/uploads/2018/06/tunnel-velos.jpg" alt="" width="731" height="975" srcset="https://1932works.be/wp-content/uploads/2018/06/tunnel-velos.jpg 731w, https://1932works.be/wp-content/uploads/2018/06/tunnel-velos-225x300.jpg 225w" sizes="auto, (max-width: 731px) 100vw, 731px" /></p>
<p><span lang="fr-BE">Le projet des Werken aan de ring avec Wegen en Verkeer prévoit de RECASSER le côté à peine terminé ce 15 avril 2018, après 2,5 ans de travaux et de nuisances pour notre quartier, en plus de la phase 2.</span></p>
<p><span lang="fr-BE">Pour un tunnel pour « autoroute à vélos » inutile et bêtement coûteux :</span></p>
<p><span lang="fr-BE">&#8211; question </span><span lang="fr-BE">sécurité</span><span lang="fr-BE"> dans l&rsquo;obscurité</span></p>
<p><span lang="fr-BE">&#8211; question </span><span lang="fr-BE">chantier supplémentaire</span><span lang="fr-BE"> ridicule de désorganisation et d’absence de vision de Wegen en Verkeer </span></p>
<p><span lang="fr-BE">&#8211; question </span><span lang="fr-BE">inutilité</span><span lang="fr-BE"> : </span></p>
<p><span lang="fr-BE">♦ les cyclistes préfèrent déjà actuellement le chemin via la St-Stefaanstraat et la Kleinenbergstraat au lieu du Bd de la Woluwe pour rejoindre l’Ecole Européenne et le shopping de Woluwe, ou la Kleine Bosstraat et le Tiendeschuurveld au lieu d&rsquo;une piste cyclable qui longera l’E40 pour rejoindre Evere et Woluwe St-Lambert</span></p>
<p><span lang="fr-BE">♦ L’ « autoroute » cyclable sera quand même interrompue quelques mètres plus loin à la frontière avec Woluwe St-Lambert</span></p>
<p><span lang="fr-BE">♦ Pour rejoindre la nouvelle piste cyclable E40 vers Bruxelles il faudra encore traverser à vélo le Bd de la Woluwe et la rue Statieplaats. Il manque donc 2 tunnels à vélo pour être complet.</span></p>
<p><span lang="fr-BE">&#8211; question </span><span lang="fr-BE">praticabilité</span><span lang="fr-BE"> :</span></p>
<p><span lang="fr-BE">♦ Le tunnel à vélos subira des infiltrations d&rsquo;eau de la Woluwe toute proche. De plus le sous-sol y est instable.</span></p>
<p><span lang="fr-BE">♦ La commune est bloquée : les échevins NVA sont soumis à Ben Weyts, ministre NVA de la mobilité, chef du projet Werken aan de ring et patron de l’Agentschap Wegen &amp; Verkeer. Ces échevins NVA n&rsquo;habitent pas à WSE. </span></p>
<p><span lang="fr-BE">Continuons d’envoyer nos messages à mijnidee@werkenaandering.be , </span><span lang="fr-BE">burgemeester@zaventem.be, ruimtelijke.ordening@zaventem.be et verkeer@zaventem.be </span><b></b></p>
<p><img loading="lazy" decoding="async" class="alignnone size-full wp-image-6" src="http://1932works.be/wp-content/uploads/2018/06/werken_woluwedal10.jpg" alt="" width="1170" height="658" srcset="https://1932works.be/wp-content/uploads/2018/06/werken_woluwedal10.jpg 1170w, https://1932works.be/wp-content/uploads/2018/06/werken_woluwedal10-300x169.jpg 300w, https://1932works.be/wp-content/uploads/2018/06/werken_woluwedal10-768x432.jpg 768w, https://1932works.be/wp-content/uploads/2018/06/werken_woluwedal10-1024x576.jpg 1024w" sizes="auto, (max-width: 767px) 89vw, (max-width: 1000px) 54vw, (max-width: 1071px) 543px, 580px" /></p>
<!-- AddThis Advanced Settings generic via filter on the_content -->

<p>Reprise du chantier prévue début 2019, pour la 2ème phase du projet qui aurait dû être complètement terminé début 2017. 15 mois annoncés, 30 mois à prévoir ? PROJET ABERRANT DE TUNNEL POUR VELOS : Le projet des Werken aan de ring avec Wegen en Verkeer prévoit de RECASSER le côté à peine terminé ce 15 avril &hellip; </p>
<p class="link-more"><a href="https://1932works.be/nl/chantier-blvd-de-la-woluwe/" class="more-link">Lees verder <span class="screen-reader-text">« Chantier Blvd de la Woluwe »</span></a></p>
<p><!-- AddThis Advanced Settings generic via filter on get_the_excerpt --></p>
